lculate the remainder when a is divided by n.
1
Let g = -27 + 84. Let n be 1*-6 + -2 + 2. Let p = n + 21. What is the remainder when g is divided by p?
12
Suppose 0 = 2*o + 5*o - 8*o. Suppose -2*d + 1 + 19 = o. Let p = 84 + -47. What is the remainder when p is divided by d?
7
Let q be (2 + -4 - -2) + 19. Suppose -3*w + 22 = 5*n, 5 = 4*w + 4*n - q. What is the remainder when 22 is divided by w?
2
Suppose -51 - 156 = 3*b. Let w = b + 84. Let s = 131 - 72. What is the remainder when s is divided by w?
14
Let q = 23 - 7. Calculate the remainder when (-12)/28*-63 + (-8)/(-2) is divided by q.
15
Let n(d) = -6*d - 56. What is the remainder when 168 is divided by n(-15)?
32
Let m(d) = -2*d + 14. Let o be m(12). Let v(t) = -t**3 - 10*t**2 - 2*t - 12. Let c be v(o). Let h = c + 9. Calculate the remainder when 33 is divided by h.
16
Suppose 0 = 8*d - 12*d + 396. Let w = d - 6. Calculate the remainder when w is divided by 24.
21
Let o = 1106 - 932. What is the remainder when o is divided by 62?
50
Suppose 5*g - c - 2*c - 327 = 0, -5*g - 2*c + 332 = 0. Suppose -4*x = -5*v - g, x + 2*x + v - 59 = 0. Calculate the remainder when x is divided by 10.
9
Let w(z) = 2*z**2 - 8*z + 253. Calculate the remainder when w(0) is divided by 87.
79
Suppose 0 = 6*d - 15*d + 234. Let i(g) = g**3 + 7*g**2 + 4*g + 3. Calculate the remainder when d is divided by i(-6).
11
Let z(p) = 64*p**2 + 56*p**2 - 137*p**2 - 15 - p**3 + 16*p - 6. Calculate the remainder when 2/2 + -1 - -58 is divided by z(-18).
13
Suppose -5*p = 2*t - 123, 8*t + 64 = 9*t + 3*p. What is the remainder when t is divided by 34?
15
Let a(o) = 15*o. Suppose 0 = 5*w + 4*d - 35, -21*w + 22*w = -5*d - 14. What is the remainder when a(2) is divided by w?
8
Let i be 4/(-5)*(-5)/1. Let r(x) = x**3 - 6*x**2 + 11*x - 6. What is the remainder when r(4) is divided by (-12)/(-5) + i/(-10)?
0
Let a = -2 - -2. Let s = 40 + a. Calculate the remainder when s is divided by 7.
5
Suppose 4*q = -2*s + 1034, 5*s + 85*q - 82*q = 2585. Calculate the remainder when s is divided by 14.
13
Let u = 37 - -34. What is the remainder when 154 is divided by u?
12
Suppose -4*j = -3*y + 401, -j = 5*y - 167 - 463. Calculate the remainder when y is divided by 16.
15
Suppose -2*j = 2*y - 7 - 29, -3*j + 33 = -4*y. Let p(k) = -k**3 - 5*k**2 + 7*k - 5. Calculate the remainder when p(-7) is divided by j.
14
Suppose -3*k - 4*r = -176, 84 = 2*r + 80. Calculate the remainder when k is divided by 23.
10
What is the remainder when ((-3)/(-4))/(138/86664) is divided by 232?
7
Let f = -26 - -32. Suppose -7*i = -f*i - 26. What is the remainder when 103 is divided by i?
25
Suppose -3*x = 7 + 62. Let u = -12 - x. Let p = 100 - 68. Calculate the remainder when p is divided by u.
10
What is the remainder when 4*7/(-4) - -89 is divided by 46?
36
Let k = 7 + -3. Let h(n) = n**2 + 4*n + 6. Let i(g) = g**3 - 5*g**2 - 6*g - 5. Let f be i(6). Calculate the remainder when h(f) is divided by k.
3
Suppose 4*b = 5*b. Suppose 2*n - k = -0*k + 15, b = 3*k + 15. Calculate the remainder when 11 + 1 + (1 - 0) is divided by n.
3
Let s be ((-42)/4)/(21/28). Let z = s - -14. Let b = z - -5. What is the remainder when 6 is divided by b?
1
What is the remainder when (-11)/(33/2)*(-174)/4 is divided by 13?
3
Let k(v) = 10*v + 35. Suppose -2*y - w + 4*w = -7, -10 = -4*y + 2*w. Suppose 57 = y*r - 1. What is the remainder when k(5) is divided by r?
27
Suppose -5*m = 3*b - 386 - 86, 3*b - 468 = -3*m. What is the remainder when b is divided by 31?
30
Let c(a) = -35*a + 8. Let k(d) = 12*d - 3. Let j(w) = -4*c(w) - 11*k(w). Calculate the remainder when j(1) is divided by 3.
0
Suppose 2*b + 340 = 5*w, -3*b = 2*w + 2*b - 136. Let x = w + -40. What is the remainder when x is divided by 6?
4
Let t(f) = 29*f**3 - 1. Let b = -21 - -20. Let d be t(b). Calculate the remainder when (-4)/d - (-2006)/30 is divided by 17.
16
Suppose -3*q + 2*u = -77, q - 6*u - 43 = -u. Let x(a) = -3*a**3 - 70*a**2 - 90*a + 23. What is the remainder when x(-22) is divided by q?
21
Let l be (-90)/(-27)*(0 - -15). Let b = l - 24. Calculate the remainder when 75 is divided by b.
23
Let l = -1106 - -1139. Calculate the remainder when 527 is divided by l.
32
Let l = 17 - 6. What is the remainder when (-765)/(-7) + (-26)/91 is divided by l?
10
Let f(n) = -n**2 + 25*n - 53. What is the remainder when f(14) is divided by 6?
5
Let u(j) = j**2 - 5*j + 12. Let c be u(7). Let x = 64 - c. Calculate the remainder when x is divided by 15.
8
Let h(d) = 112*d - 850. Suppose -2*g = g - 36. Calculate the remainder when h(8) is divided by g.
10
Suppose -20 - 12 = 2*y. Let q = y - -110. What is the remainder when q is divided by 12?
10
Let a = -1610 - -1672. Calculate the remainder when a is divided by 47.
15
Suppose 0 = 6*b - 181 - 329. Let y = b - 5. Calculate the remainder when y is divided by 27.
26
Suppose -111 = 16*o - 463. Calculate the remainder when 329 is divided by o.
21
Suppose 23*z + 9*z - 1920 = 0. Calculate the remainder when 236 is divided by z.
56
Suppose -2*o + 12 = -0. Calculate the remainder when 31 is divided by (64/o)/((-8)/(-12)).
15
Let m be (4/6)/(((-20)/315)/(-2)). Suppose u - 46 = -m. Calculate the remainder when 57 is divided by u.
7
Suppose 0 = 5*g - 2*g - 78. Let y be (-15)/5 - (-7 + 2). Calculate the remainder when g is divided by 105/(-14)*-1*y.
11
Let c be (2/10)/((-15)/(-150)). Calculate the remainder when 70 is divided by c - -12 - (0 - 4).
16
What is the remainder when 91 is divided by (24/(-4))/(24/(-48))?
7
Suppose 41*s + 432 = 44*s. Let j be 2 + -1 + (1 - -1). Suppose -z + s = j*z. Calculate the remainder when z is divided by 19.
17
Calculate the remainder when (38/(-10) - -4)/((-9)/(-1665)) is divided by 20.
17
Let u = 1642 - 1604. Let x be (4/3)/((-10)/(-15)). Let r(n) = 2*n**3 - 2*n**2 - n + 2. Calculate the remainder when u is divided by r(x).
6
Let j be (2 - (-4 + 7))/((-2)/(-186)). Let o = -88 - j. Calculate the remainder when 64 is divided by o.
4
Let n = 104 - 334. Let q = n + 343. Suppose -4*z = 4*r - r - 119, 5*z = -3*r + 148. Calculate the remainder when q is divided by z.
26
Suppose -9 - 24 = -3*y. Suppose -7 = -2*i + y. Suppose -4*w = -8, 5*z - 12*w + 15*w = 166. What is the remainder when z is divided by i?
5
Let d(n) = -n**2 + 8*n + 16. Let r be d(8). Let o be 5 - 3/(12/r). What is the remainder when 38 is divided by 4 - (4 - 13)/o?
12
Let t be (153/85)/((-1)/(-5)). Suppose t - 2 = v. What is the remainder when 33 is divided by v?
5
Suppose 7 = 5*a + 2, -5*f - 5*a + 300 = 0. Calculate the remainder when f is divided by 5.
4
Let r = -79 + 94. What is the remainder when 178 is divided by r?
13
Let i = 141 + -253. Calculate the remainder when ((-12)/8)/(21/i) is divided by 2.
0
Let o = -32 + 58. Calculate the remainder when 51 is divided by o.
25
Suppose 21*u - 5*u - 464 = 0. What is the remainder when u is divided by 5?
4
Let o be 8/(-56) + (-1528)/(-14). Let d = 21 + o. What is the remainder when d is divided by 33?
31
Let o(z) = z**3 - 2*z**2 - z + 32. Let j be (2/4*0)/(-18 - -16). What is the remainder when o(j) is divided by 5?
2
Let r(i) = i**3 - 4*i. Let v be r(3). Suppose -2*q + v + 1 = 0. What is the remainder when 23 is divided by q?
7
Calculate the remainder when -5 + 223 - -3 - 0/1 is divided by 45.
41
What is the remainder when ((-6)/4)/(6*(-12)/720) is divided by 12?
3
Suppose -8*y = 100 - 604. Let k(s) = -s**2 + 16. Calculate the remainder when y is divided by k(0).
15
Suppose 5*q - 4*a - 10 = 0, 6 = 3*q + 3*a - 4*a. Suppose 0 = 5*k - 2*l - 452, -4*k - q*l + 384 = 2*l. Calculate the remainder when k is divided by 32.
28
Suppose -4*b - 50 = -2*r, -3*b + b = 2*r - 26. Suppose 2*z + z = -216. Let q = 103 + z. What is the remainder when q is divided by r?
14
Suppose -12*i = 35*i - 47. Suppose -l - 10 = -2*c + c, 3*l - 18 = -5*c. Suppose c*w - 4*w - 6 = -s, 5*s - 8 = w. Calculate the remainder when w is divided by i.
0
Suppose -21*l + 132 = -18*l - z, 2*l = -4*z + 102. What is the remainder when 505 is divided by l?
10
Let i(n) = -3*n**3 - 18*n**2 + 4*n + 104. What is the remainder when i(-9) is divided by 20?
17
What is the remainder when 168/10*(49 - 44) is divided by 7?
0
Calculate the remainder when 197 - (2 - -1)*(-40)/(-24) is divided by 13.
10
Let y(j) = -9*j**2 - 26*